
Calculate the highest common factor of 841 and 58.
29
Calculate the greatest common divisor of 52 and 338.
26
What is the highest common divisor of 1106 and 42?
14
Calculate the highest common divisor of 1 and 167.
1
What is the greatest common divisor of 31 and 48174?
31
What is the highest common factor of 114 and 190?
38
Calculate the highest common factor of 4 and 24812.
4
Calculate the greatest common factor of 300 and 1900.
100
What is the highest common divisor of 7087 and 19?
19
What is the highest common factor of 43955 and 149?
149
Calculate the greatest common factor of 16 and 920.
8
Calculate the highest common factor of 1197 and 38.
19
What is the highest common divisor of 950 and 38?
38
What is the highest common divisor of 3 and 96?
3
Calculate the greatest common divisor of 950 and 209.
19
What is the greatest common divisor of 442 and 78?
26
Calculate the greatest common divisor of 40 and 120.
40
Calculate the greatest common divisor of 564 and 6.
6
What is the highest common divisor of 973 and 139?
139
Calculate the highest common factor of 75 and 26525.
25
What is the greatest common factor of 665 and 19?
19
Calculate the greatest common divisor of 74 and 5254.
74
Calculate the greatest common divisor of 1254 and 15.
3
What is the greatest common factor of 2726 and 145?
29
Calculate the greatest common divisor of 122 and 4819.
61
Calculate the greatest common factor of 13684 and 44.
44
Calculate the highest common factor of 51 and 34.
17
Calculate the highest common factor of 725 and 25.
25
Calculate the highest common divisor of 144 and 10128.
48
What is the highest common factor of 62 and 13082?
62
Calculate the greatest common factor of 48 and 528.
48
What is the greatest common divisor of 229 and 7099?
229
What is the greatest common factor of 328 and 24?
8
Calculate the highest common factor of 896 and 280.
56
Calculate the greatest common divisor of 886 and 2.
2
What is the highest common divisor of 848 and 1166?
106
Calculate the highest common factor of 48 and 69456.
48
Calculate the greatest common divisor of 9 and 1269.
9
What is the highest common divisor of 1476 and 410?
82
What is the greatest common factor of 592 and 407?
37
What is the greatest common divisor of 16 and 472?
8
Calculate the greatest common divisor of 50 and 20.
10
What is the highest common factor of 259 and 77?
7
What is the greatest common factor of 39 and 5213?
13
What is the highest common factor of 48 and 40?
8
What is the greatest common factor of 273 and 1729?
91
Calculate the greatest common factor of 779 and 205.
41
What is the highest common factor of 20 and 430?
10
Calculate the greatest common divisor of 3162 and 24.
6
What is the highest common factor of 4 and 314?
2
Calculate the highest common factor of 20 and 70.
10
Calculate the highest common factor of 16 and 32.
16
What is the greatest common divisor of 79 and 2449?
79
Calculate the greatest common factor of 637 and 767.
13
Calculate the highest common factor of 20 and 565.
5
What is the highest common divisor of 14 and 16?
2
What is the greatest common factor of 86 and 2?
2
What is the greatest common divisor of 50 and 6?
2
What is the greatest common factor of 207 and 657?
9
Calculate the greatest common factor of 15 and 45.
15
Calculate the greatest common factor of 10996 and 4.
4
Calculate the highest common divisor of 42 and 4011.
21
What is the greatest common divisor of 84 and 420?
84
What is the greatest common divisor of 147 and 3234?
147
What is the highest common divisor of 162 and 4806?
54
What is the highest common factor of 5 and 485?
5
Calculate the highest common factor of 30 and 10.
10
Calculate the greatest common divisor of 27 and 12.
3
Calculate the greatest common factor of 11792 and 32.
16
What is the highest common factor of 82 and 902?
82
Calculate the highest common factor of 7389 and 63.
9
Calculate the greatest common factor of 517 and 11.
11
Calculate the highest common factor of 112 and 56.
56
Calculate the greatest common factor of 96 and 8.
8
What is the highest common divisor of 342 and 90?
18
Calculate the highest common divisor of 3385 and 5.
5
What is the highest common divisor of 14445 and 60?
15
Calculate the greatest common divisor of 36 and 948.
12
Calculate the highest common factor of 53775 and 239.
239
Calculate the greatest common factor of 475 and 76.
19
What is the greatest common divisor of 535 and 321?
107
Calculate the greatest common factor of 830 and 10.
10
What is the highest common factor of 54 and 102?
6
Calculate the greatest common factor of 70 and 385.
35
Calculate the greatest common divisor of 301 and 24682.
301
What is the greatest common factor of 1900 and 200?
100
What is the greatest common divisor of 132 and 96?
12
Calculate the greatest common divisor of 305 and 42395.
305
What is the highest common divisor of 602 and 14?
14
Calculate the greatest common divisor of 1175 and 125.
25
What is the greatest common factor of 121 and 33?
11
What is the greatest common divisor of 33 and 1705?
11
What is the greatest common factor of 371 and 21?
7
What is the greatest common divisor of 195 and 117?
39
What is the greatest common divisor of 12 and 15054?
6
Calculate the greatest common divisor of 380 and 171.
19
Calculate the highest common divisor of 78 and 2054.
26
Calculate the highest common divisor of 3811 and 148.
37
Calculate the highest common divisor of 136 and 34.
34
What is the greatest common divisor of 2056 and 1799?
257
Calculate the greatest common divisor of 59 and 1475.
59
Calculate the highest common factor of 27 and 2517.
3
Calculate the greatest common divisor of 13817 and 164.
41
What is the greatest common factor of 12 and 444?
12
What is the highest common factor of 368 and 16?
16
Calculate the greatest common divisor of 26 and 403.
13
What is the greatest common divisor of 11 and 1111?
11
What is the highest common factor of 119 and 459?
17
What is the highest common divisor of 9 and 33?
3
Calculate the highest common divisor of 4379 and 29.
29
Calculate the greatest common divisor of 230 and 30.
10
What is the highest common divisor of 3013 and 184?
23
Calculate the greatest common factor of 4 and 12.
4
What is the greatest common divisor of 10496 and 246?
82
Calculate the highest common factor of 64 and 144.
16
What is the greatest common factor of 90 and 210?
30
What is the highest common divisor of 201 and 938?
67
Calculate the greatest common factor of 30 and 195.
15
Calculate the highest common divisor of 6 and 123.
3
Calculate the greatest common factor of 20 and 1660.
20
Calculate the greatest common factor of 3569 and 86.
43
What is the greatest common factor of 49 and 1813?
49
Calculate the greatest common divisor of 13396 and 68.
68
Calculate the greatest common divisor of 9 and 99.
9
What is the greatest common factor of 136 and 224?
8
What is the highest common factor of 62946 and 234?
234
Calculate the greatest common divisor of 598 and 46.
46
What is the highest common divisor of 12 and 17?
1
Calculate the greatest common divisor of 5405 and 10.
5
Calculate the highest common factor of 96 and 36.
12
Calculate the greatest common divisor of 2771 and 17.
17
Calculate the greatest common divisor of 14 and 1022.
14
Calculate the greatest common divisor of 10523 and 17.
17
Calculate the highest common factor of 756 and 56.
28
Calculate the greatest common divisor of 45 and 10.
5
What is the highest common factor of 9 and 4113?
9
Calculate the greatest common divisor of 10 and 20.
10
Calculate the highest common factor of 115792 and 16.
16
What is the highest common divisor of 168 and 24?
24
Calculate the highest common factor of 38 and 2071.
19
Calculate the highest common divisor of 1216 and 64.
64
What is the highest common divisor of 164 and 20?
4
What is the greatest common divisor of 23 and 23207?
23
What is the greatest common factor of 23 and 7?
1
What is the highest common factor of 4900 and 200?
100
Calculate the highest common divisor of 799 and 47.
47
What is the highest common factor of 7 and 119?
7
What is the highest common factor of 158 and 237?
79
Calculate the greatest common divisor of 12747 and 42.
21
Calculate the highest common factor of 78 and 18.
6
What is the 